4 (base 9) in base 6?
-4
What is 4d (base 15) in base 10?
73
-4 (base 12) to base 10
-4
Convert -2 (base 15) to base 16.
-2
What is 3c (base 16) in base 6?
140
5b (base 13) to base 2
1001100
Convert -10 (base 11) to base 15.
-b
What is -3130 (base 4) in base 2?
-11011100
What is b9 (base 14) in base 10?
163
-22 (base 10) to base 11
-20
Convert -10 (base 11) to base 4.
-23
What is 1 (base 2) in base 12?
1
What is 6 (base 12) in base 15?
6
What is -9 (base 16) in base 3?
-100
5 (base 9) to base 2
101
1b (base 15) to base 8
32
What is -15 (base 14) in base 4?
-103
What is 4 (base 10) in base 15?
4
What is 25 (base 9) in base 4?
113
Convert -14 (base 5) to base 16.
-9
100110 (base 2) to base 16
26
-12 (base 5) to base 14
-7
313 (base 4) to base 5
210
What is 11 (base 5) in base 16?
6
-11100 (base 2) to base 13
-22
30 (base 9) to base 13
21
-1110 (base 2) to base 11
-13
Convert -1032 (base 4) to base 6.
-210
What is -4a (base 14) in base 12?
-56
26 (base 13) to base 14
24
What is -2b (base 15) in base 16?
-29
-156 (base 14) to base 8
-420
Convert 24 (base 14) to base 16.
20
What is 10 (base 4) in base 11?
4
What is 36 (base 11) in base 5?
124
-16 (base 7) to base 15
-d
What is 123 (base 5) in base 12?
32
Convert 0 (base 3) to base 11.
0
-44 (base 10) to base 6
-112
-120 (base 10) to base 7
-231
-266 (base 7) to base 5
-1041
Convert -357 (base 8) to base 6.
-1035
Convert 6c (base 14) to base 12.
80
Convert -110001 (base 2) to base 7.
-100
24 (base 14) to base 8
40
45 (base 7) to base 12
29
-46 (base 10) to base 16
-2e
Convert 11001 (base 2) to base 11.
23
Convert -5 (base 11) to base 12.
-5
Convert -20 (base 6) to base 14.
-c
-15 (base 11) to base 14
-12
Convert -2 (base 6) to base 16.
-2
What is -53 (base 8) in base 16?
-2b
Convert c0 (base 14) to base 2.
10101000
8a (base 11) to base 9
118
What is -82 (base 12) in base 2?
-1100010
51 (base 7) to base 16
24
-1 (base 15) to base 4
-1
2 (base 9) to base 5
2
Convert 15 (base 6) to base 11.
10
Convert -14 (base 16) to base 4.
-110
17 (base 12) to base 3
201
Convert -235 (base 10) to base 5.
-1420
1431 (base 6) to base 9
461
Convert -104 (base 5) to base 3.
-1002
What is -7 (base 9) in base 2?
-111
26 (base 7) to base 10
20
Convert 27 (base 14) to base 16.
23
-6 (base 13) to base 14
-6
Convert 1 (base 11) to base 14.
1
1 (base 10) to base 16
1
Convert -2 (base 3) to base 13.
-2
What is 0 (base 7) in base 4?
0
Convert -1 (base 5) to base 2.
-1
3113 (base 4) to base 15
e5
What is -3 (base 16) in base 9?
-3
-102 (base 5) to base 3
-1000
-111 (base 2) to base 7
-10
Convert 5c (base 15) to base 7.
153
What is -57 (base 8) in base 9?
-52
Convert 1222 (base 3) to base 10.
53
6 (base 14) to base 5
11
Convert -1 (base 2) to base 12.
-1
What is -1 (base 5) in base 6?
-1
Convert 2 (base 13) to base 6.
2
1 (base 3) to base 7
1
Convert 355 (base 6) to base 8.
217
140 (base 6) to base 16
3c
-27 (base 10) to base 13
-21
Convert 2 (base 8) to base 10.
2
What is -1110 (base 4) in base 13?
-66
-77 (base 16) to base 7
-230
-b (base 13) to base 15
-b
What is -10 (base 3) in base 16?
-3
Convert 4 (base 6) to base 2.
100
What is -1 (base 3) in base 10?
-1
What is -6 (base 12) in base 10?
-6
What is 0 (base 9) in base 7?
0
Convert 71 (base 10) to base 3.
2122
What is 1101 (base 2) in base 12?
11
4 (base 14) to base 8
4
-347 (base 8) to base 4
-3213
Convert -1 (base 2) to base 6.
-1
1a (base 12) to base 8
26
What is -142 (base 5) in base 9?
-52
What is -1 (base 5) in base 6?
-1
Convert -100 (base 2) to base 4.
-10
13 (base 7) to base 10
10
What is 1001 (base 2) in base 13?
9
What is 1 (base 10) in base 12?
1
What is 106 (base 10) in base 7?
211
-1 (base 12) to base 4
-1
What is 38 (base 10) in base 8?
46
Convert 55 (base 10) to base 11.
50
-25 (base 12) to base 15
-1e
What is 5 (base 9) in base 2?
101
-23 (base 6) to base 4
-33
Convert -7 (base 11) to base 5.
-12
Convert 2a (base 14) to base 2.
100110
Convert -18 (base 11) to base 2.
-10011
Convert 15 (base 6) to base 3.
102
Convert -11 (base 3) to base 12.
-4
Convert -45 (base 8) to base 14.
-29
What is -235 (base 6) in base 12?
-7b
Convert -85 (base 13) to base 12.
-91
Convert 1020 (base 3) to base 12.
29
Convert 6 (base 11) to base 14.
6
-11 (base 10) to base 5
-21
Convert 360 (base 8) to base 6.
1040
-6 (base 9) to base 12
-6
Convert 121 (base 4) to base 2.
11001
Convert -24 (base 10) to base 3.
-220
Convert 225 (base 7) to base 13.
90
What is -2 (base 11) in base 7?
-2
0 (base 16) to base 15
0
Convert -3 (base 10) to base 14.
-3
What is 50 (base 16) in base 10?
80
What is 1222 (base 3) in base 10?
53
Convert -253 (base 9) to base 8.
-322
What is 3 (base 4) in base 13?
3
What is -3 (base 5) in base 6?
-3
What is -1033 (base 6) in base 13?
-153
553 (base 6) to base 4
3111
Convert 4 (base 5) to base 3.
11
Convert -10 (base 16) to base 10.
-16
Convert -1011 (base 3) to base 5.
-111
1 (base 9) to base 3
1
-1331 (base 5) to base 13
-138
5 (base 10) to base 9
5
-4 (base 9) to base 12
-4
What is -1000 (base 4) in base 14?
-48
What is -10 (base 4) in base 7?
-4
Convert 19 (base 13) to base 8.
26
-6 (base 12) to base 15
-6
What is 10 (base 3) in base 5?
3
Convert 6 (base 14) to base 4.
12
Convert -2 (base 7) to base 14.
-2
1 (base 3) to base 7
1
Convert -9 (base 13) to base 4.
-21
Convert -16 (base 10) to base 4.
-100
15 (base 10) to base 2
1111
What is -13 (base 7) in base 3?
-101
-102 (base 3) to base 10
-11
Convert 3 (base 15) to base 11.
3
Convert 5 (base 15) to base 5.
10
Convert -14 (base 8) to base 2.
-1100
-18 (base 11) to base 13
-16
Convert 122 (base 11) to base 8.
221
What is 240 (base 8) in base 16?
a0
-1 (base 3) to base 12
-1
What is -40 (base 10) in base 9?
-44
Convert -196 (base 15) to base 4.
-11232
232 (base 5) to base 8
103
Convert -1 (base 6) to base 8.
-1
Convert 5 (base 11) to base 14.
5
Convert -134 (base 5) to base 3.
-1122
-23 (base 6) to base 3
-120
Convert 2 (base 3) to base 2.
10
What is -4 (base 16) in base 4?
-10
-21 (base 5) to base 15
-b
Convert -71 (base 13) to base 4.
-1130
What is -11 (base 3) in base 14?
-4
-29 (base 13) to base 5
-120
Convert 14 (base 11) to base 5.
30
21 (base 11) to base 8
27
-22 (base 10) to base 9
-24
What is -5 (base 11) in base 12?
-5
1 (base 14) to base 3
1
-16 (base 9) to base 14
-11
Convert -2 (base 7) to base 14.
-2
-3 (base 11) to base 16
-3
What is 9a (base 12) in base 6?
314
What is -118 (base 11) in base 7?
-260
What is -57 (base 10) in base 15?
-3c
What is 53 (base 14) in base 8?
111
What is -2 (base 15) in base 8?
-2
6 (base 14) to base 6
10
Convert -27 (base 10) to base 7.
-36
Convert 11 (base 15) to base 5.
31
Convert 12 (base 3) to base 11.
5
5 (base 7) to base 13
5
-155 (base 6) to base 15
-4b
-1212 (base 3) to base 11
-46
What is -4 (base 15) in base 3?
-11
12 (base 13) to base 6
23
What is -4 (base 13) in base 11?
-4
1012 (base 3) to base 5
112
-7 (base 16) to base 9
-7
-16 (base 12) to base 9
-20
11 (base 9) to base 13
a
Convert 10 (base 8) to base 12.
8
What is 15 (base 10) in base 13?
12
Convert 2 (base 3) to base 12.
2
Convert -1 (base 8) to base 11.
-1
What is -8 (base 14) in base 2?
-1000
What is -10000 (base 2) in base 4?
-100
Convert -4 (base 7) to base 16.
-4
What is 10 (base 2) in base 6?
2
-37 (base 9) to base 16
-22
-222 (base 3) to base 5
-101
11001 (base 2) to base 3
221
Convert -11 (base 2) to base 6.
-3
What is 2 (base 11) in base 8?
2
What is 17 (base 9) in base 3?
121
Convert -16 (base 10) to base 9.
-17
24 (base 15) to base 13
28
What is -7 (base 12) in base 15?
-7
Convert 2220 (base 4) to base 7.
330
-3 (base 7) to base 6
-3
-5 (base 6) to base 16
-5
-e (base 16) to base 4
-32
Convert 2 (base 15) to base 16.
2
3 (base 5) to base 2
11
-32 (base 9) to base 4
-131
What is -1 (base 4) in base 16?
-1
Convert 23 (base 9) to base 10.
21
Convert -5 (base 15) to base 12.
-5
32 (base 7) to base 14
19
101 (base 9) to base 10
82
210 (base 4) to base 2
100100
Convert -13 (base 12) to base 14.
-11
7 (base 16) to base 9
7
Convert -16 (base 15) to base 12.
-19
Convert -111111 (base 2) to base 5.
-223
Convert -11 (base 3) to base 6.
-4
What is -31 (base 7) in base 15?
-17
Convert -10000010 (base 2) to base 6.
-334
What is 16 (base 8) in base 3?
112
Convert -21 (base 9) to base 5.
-34
What is 10 (bas